{"id":1264,"date":"2022-09-26T22:45:59","date_gmt":"2022-09-26T15:45:59","guid":{"rendered":"https:\/\/ecoweb.com.co\/asoluciones\/?page_id=1264"},"modified":"2022-09-27T20:18:30","modified_gmt":"2022-09-27T13:18:30","slug":"quienes-somos","status":"publish","type":"page","link":"https:\/\/www.elementosjavi.com\/cali\/quienes-somos\/","title":{"rendered":"Qui\u00e9nes Somos"},"content":{"rendered":"<p>[vc_row css=\u00bb.vc_custom_1664284708941{padding-top: 70px !important;}\u00bb][vc_column][vc_column_text]<\/p>\n<p class=\"titulos\" style=\"text-align: center; color: #0066cc; font-weight: bold; font-size: 37pt;\">QUI\u00c9NES SOMOS<\/p>\n<p>[\/vc_column_text][\/vc_column][\/vc_row][vc_row gap=\u00bb20&#8243; equal_height=\u00bbyes\u00bb content_placement=\u00bbmiddle\u00bb css=\u00bb.vc_custom_1487698107989{padding-top: 60px !important;padding-bottom: 60px !important;}\u00bb][vc_column width=\u00bb1\/2&#8243; css=\u00bb.vc_custom_1487698163787{background-color: #f0f0f0 !important;}\u00bb][vc_column_text]<\/p>\n<div style=\"padding: 30px;\">\n<p style=\"color: #333333; font-size: 24pt; font-weight: 800; text-align: left;\">MISI\u00d3N<\/p>\n<p style=\"font-size: 12pt; text-align: justify;\">Ofrecer soluciones a problemas operacionales que involucren sistemas de filtraci\u00f3n.<\/p>\n<p style=\"font-size: 12pt; text-align: justify;\">Poner a disposici\u00f3n de la industria servicios de asesor\u00eda, dise\u00f1o, fabricaci\u00f3n e implementaci\u00f3n de sistemas filtrantes requeridos para el mejoramiento en sus procesos de producci\u00f3n.<\/p>\n<p style=\"font-size: 12pt; text-align: justify;\">Actualizar e importar nuevos materiales que nos permitan ofrecer a nuestros clientes productos con mayor calidad.<\/p>\n<\/div>\n<p>[\/vc_column_text][\/vc_column][vc_column width=\u00bb1\/2&#8243; css=\u00bb.vc_custom_1487698170875{background-color: #f0f0f0 !important;}\u00bb][vc_column_text]<\/p>\n<div style=\"padding: 30px;\">\n<p style=\"color: #333333; font-size: 24pt; font-weight: 800; text-align: left;\">VISI\u00d3N<\/p>\n<p style=\"font-size: 12pt; text-align: justify;\">Elementos Javi &amp; Cia Ltda, ser\u00e1 una empresa l\u00edder a nivel nacional en el dise\u00f1o y fabricaci\u00f3n de sistemas de filtraci\u00f3n, filtros industriales y especiales.<\/p>\n<p style=\"font-size: 12pt; text-align: justify;\">Elementos Javi &amp; Cia Ltda, ser\u00e1 el mayor Importador y distribuidor de medios filtrantes en el pa\u00eds.<\/p>\n<p style=\"font-size: 12pt; text-align: justify;\">Ofrecer a otros pa\u00edses nuestros servicios de dise\u00f1o fabricaci\u00f3n de filtros industriales y especiales.<\/p>\n<\/div>\n<p>[\/vc_column_text][\/vc_column][\/vc_row]<\/p>\n","protected":false},"excerpt":{"rendered":"<p>[vc_row css=\u00bb.vc_custom_1664284708941{padding-top: 70px !important;}\u00bb][vc_column][vc_column_text] QUI\u00c9NES SOMOS [\/vc_column_text][\/vc_column][\/vc_row][vc_row gap=\u00bb20&#8243; equal_height=\u00bbyes\u00bb content_placement=\u00bbmiddle\u00bb css=\u00bb.vc_custom_1487698107989{padding-top: 60px !important;padding-bottom: 60px !important;}\u00bb][vc_column width=\u00bb1\/2&#8243; css=\u00bb.vc_custom_1487698163787{background-color: #f0f0f0 !important;}\u00bb][vc_column_text] MISI\u00d3N&#8230;<\/p>\n","protected":false},"author":1,"featured_media":0,"parent":0,"menu_order":0,"comment_status":"closed","ping_status":"closed","template":"","meta":{"_joinchat":[],"footnotes":""},"class_list":["post-1264","page","type-page","status-publish","hentry"],"yoast_head":"<!-- This site is optimized with the Yoast SEO plugin v25.6 - https:\/\/yoast.com\/wordpress\/plugins\/seo\/ -->\n<title>Qui\u00e9nes Somos - Elementos Javi<\/title>\n<meta name=\"robots\" content=\"index, follow, max-snippet:-1, max-image-preview:large, max-video-preview:-1\" \/>\n<link rel=\"canonical\" href=\"https:\/\/www.elementosjavi.com\/cali\/quienes-somos\/\" \/>\n<meta property=\"og:locale\" content=\"es_ES\" \/>\n<meta property=\"og:type\" content=\"article\" \/>\n<meta property=\"og:title\" content=\"Qui\u00e9nes Somos - Elementos Javi\" \/>\n<meta property=\"og:description\" content=\"[vc_row css=\u00bb.vc_custom_1664284708941{padding-top: 70px !important;}\u00bb][vc_column][vc_column_text] QUI\u00c9NES SOMOS [\/vc_column_text][\/vc_column][\/vc_row][vc_row gap=\u00bb20&#8243; equal_height=\u00bbyes\u00bb content_placement=\u00bbmiddle\u00bb css=\u00bb.vc_custom_1487698107989{padding-top: 60px !important;padding-bottom: 60px !important;}\u00bb][vc_column width=\u00bb1\/2&#8243; css=\u00bb.vc_custom_1487698163787{background-color: #f0f0f0 !important;}\u00bb][vc_column_text] MISI\u00d3N...\" \/>\n<meta property=\"og:url\" content=\"https:\/\/www.elementosjavi.com\/cali\/quienes-somos\/\" \/>\n<meta property=\"og:site_name\" content=\"Elementos Javi\" \/>\n<meta property=\"article:modified_time\" content=\"2022-09-27T13:18:30+00:00\" \/>\n<meta name=\"twitter:card\" content=\"summary_large_image\" \/>\n<meta name=\"twitter:label1\" content=\"Tiempo de lectura\" \/>\n\t<meta name=\"twitter:data1\" content=\"1 minuto\" \/>\n<script type=\"application\/ld+json\" class=\"yoast-schema-graph\">{\"@context\":\"https:\/\/schema.org\",\"@graph\":[{\"@type\":\"WebPage\",\"@id\":\"https:\/\/www.elementosjavi.com\/cali\/quienes-somos\/\",\"url\":\"https:\/\/www.elementosjavi.com\/cali\/quienes-somos\/\",\"name\":\"Qui\u00e9nes Somos - Elementos Javi\",\"isPartOf\":{\"@id\":\"https:\/\/www.elementosjavi.com\/cali\/#website\"},\"datePublished\":\"2022-09-26T15:45:59+00:00\",\"dateModified\":\"2022-09-27T13:18:30+00:00\",\"breadcrumb\":{\"@id\":\"https:\/\/www.elementosjavi.com\/cali\/quienes-somos\/#breadcrumb\"},\"inLanguage\":\"es\",\"potentialAction\":[{\"@type\":\"ReadAction\",\"target\":[\"https:\/\/www.elementosjavi.com\/cali\/quienes-somos\/\"]}]},{\"@type\":\"BreadcrumbList\",\"@id\":\"https:\/\/www.elementosjavi.com\/cali\/quienes-somos\/#breadcrumb\",\"itemListElement\":[{\"@type\":\"ListItem\",\"position\":1,\"name\":\"Portada\",\"item\":\"https:\/\/www.elementosjavi.com\/cali\/\"},{\"@type\":\"ListItem\",\"position\":2,\"name\":\"Qui\u00e9nes Somos\"}]},{\"@type\":\"WebSite\",\"@id\":\"https:\/\/www.elementosjavi.com\/cali\/#website\",\"url\":\"https:\/\/www.elementosjavi.com\/cali\/\",\"name\":\"Elementos Javi\",\"description\":\"Filtros Especiales Cali\",\"potentialAction\":[{\"@type\":\"SearchAction\",\"target\":{\"@type\":\"EntryPoint\",\"urlTemplate\":\"https:\/\/www.elementosjavi.com\/cali\/?s={search_term_string}\"},\"query-input\":{\"@type\":\"PropertyValueSpecification\",\"valueRequired\":true,\"valueName\":\"search_term_string\"}}],\"inLanguage\":\"es\"}]}<\/script>\n<!-- \/ Yoast SEO plugin. -->","yoast_head_json":{"title":"Qui\u00e9nes Somos - Elementos Javi","robots":{"index":"index","follow":"follow","max-snippet":"max-snippet:-1","max-image-preview":"max-image-preview:large","max-video-preview":"max-video-preview:-1"},"canonical":"https:\/\/www.elementosjavi.com\/cali\/quienes-somos\/","og_locale":"es_ES","og_type":"article","og_title":"Qui\u00e9nes Somos - Elementos Javi","og_description":"[vc_row css=\u00bb.vc_custom_1664284708941{padding-top: 70px !important;}\u00bb][vc_column][vc_column_text] QUI\u00c9NES SOMOS [\/vc_column_text][\/vc_column][\/vc_row][vc_row gap=\u00bb20&#8243; equal_height=\u00bbyes\u00bb content_placement=\u00bbmiddle\u00bb css=\u00bb.vc_custom_1487698107989{padding-top: 60px !important;padding-bottom: 60px !important;}\u00bb][vc_column width=\u00bb1\/2&#8243; css=\u00bb.vc_custom_1487698163787{background-color: #f0f0f0 !important;}\u00bb][vc_column_text] MISI\u00d3N...","og_url":"https:\/\/www.elementosjavi.com\/cali\/quienes-somos\/","og_site_name":"Elementos Javi","article_modified_time":"2022-09-27T13:18:30+00:00","twitter_card":"summary_large_image","twitter_misc":{"Tiempo de lectura":"1 minuto"},"schema":{"@context":"https:\/\/schema.org","@graph":[{"@type":"WebPage","@id":"https:\/\/www.elementosjavi.com\/cali\/quienes-somos\/","url":"https:\/\/www.elementosjavi.com\/cali\/quienes-somos\/","name":"Qui\u00e9nes Somos - Elementos Javi","isPartOf":{"@id":"https:\/\/www.elementosjavi.com\/cali\/#website"},"datePublished":"2022-09-26T15:45:59+00:00","dateModified":"2022-09-27T13:18:30+00:00","breadcrumb":{"@id":"https:\/\/www.elementosjavi.com\/cali\/quienes-somos\/#breadcrumb"},"inLanguage":"es","potentialAction":[{"@type":"ReadAction","target":["https:\/\/www.elementosjavi.com\/cali\/quienes-somos\/"]}]},{"@type":"BreadcrumbList","@id":"https:\/\/www.elementosjavi.com\/cali\/quienes-somos\/#breadcrumb","itemListElement":[{"@type":"ListItem","position":1,"name":"Portada","item":"https:\/\/www.elementosjavi.com\/cali\/"},{"@type":"ListItem","position":2,"name":"Qui\u00e9nes Somos"}]},{"@type":"WebSite","@id":"https:\/\/www.elementosjavi.com\/cali\/#website","url":"https:\/\/www.elementosjavi.com\/cali\/","name":"Elementos Javi","description":"Filtros Especiales Cali","potentialAction":[{"@type":"SearchAction","target":{"@type":"EntryPoint","urlTemplate":"https:\/\/www.elementosjavi.com\/cali\/?s={search_term_string}"},"query-input":{"@type":"PropertyValueSpecification","valueRequired":true,"valueName":"search_term_string"}}],"inLanguage":"es"}]}},"_links":{"self":[{"href":"https:\/\/www.elementosjavi.com\/cali\/wp-json\/wp\/v2\/pages\/1264"}],"collection":[{"href":"https:\/\/www.elementosjavi.com\/cali\/wp-json\/wp\/v2\/pages"}],"about":[{"href":"https:\/\/www.elementosjavi.com\/cali\/wp-json\/wp\/v2\/types\/page"}],"author":[{"embeddable":true,"href":"https:\/\/www.elementosjavi.com\/cali\/wp-json\/wp\/v2\/users\/1"}],"replies":[{"embeddable":true,"href":"https:\/\/www.elementosjavi.com\/cali\/wp-json\/wp\/v2\/comments?post=1264"}],"version-history":[{"count":0,"href":"https:\/\/www.elementosjavi.com\/cali\/wp-json\/wp\/v2\/pages\/1264\/revisions"}],"wp:attachment":[{"href":"https:\/\/www.elementosjavi.com\/cali\/wp-json\/wp\/v2\/media?parent=1264"}],"curies":[{"name":"wp","href":"https:\/\/api.w.org\/{rel}","templated":true}]}}